, what is 10 + -231302113313?
-231302113303
In base 4, what is -11002112022320 + 3?
-11002112022311
In base 5, what is 113014010214 - 1?
113014010213
In base 12, what is -2732247 + 14?
-2732233
In base 14, what is -3ca86 - -5?
-3ca81
In base 10, what is 4 + 8806818?
8806822
In base 6, what is -5 + -10200124152?
-10200124201
In base 6, what is 21 - -22334025232?
22334025253
In base 5, what is 222341 + 22413?
300304
In base 9, what is -18678808 + -4?
-18678813
In base 11, what is -2 - 4680aa6?
-4680aa8
In base 6, what is 41 + -103203010?
-103202525
In base 16, what is -32 + 930?
8fe
In base 8, what is -54051 + -7273?
-63344
In base 14, what is -169ca1 + 7?
-169c98
In base 9, what is 1 + 378661537?
378661538
In base 13, what is -5 - 72a673?
-72a678
In base 6, what is 3 + -5245434041?
-5245434034
In base 5, what is -13041234 - 240013?
-13331302
In base 10, what is -11824 + -256?
-12080
In base 15, what is c50 + -108bb?
-eb6b
In base 2, what is -110101011100111010110 + -1010?
-110101011100111100000
In base 7, what is -4022 + -1341632?
-1345654
In base 12, what is -1b105 + 24?
-1b0a1
In base 5, what is -112342 - 324412?
-442304
In base 14, what is 5bc6 - b4?
5b12
In base 6, what is -2 + -201015142?
-201015144
In base 14, what is 1 + -73414c?
-73414b
In base 16, what is -7e17 - 3b?
-7e52
In base 6, what is -1045152 + 4422?
-1040330
In base 13, what is -3 - 1502668?
-150266b
In base 10, what is 20739 + -331?
20408
In base 6, what is 4 + -212303512?
-212303504
In base 12, what is -15306bab7 - -3?
-15306bab4
In base 9, what is 2446235 + -16?
2446218
In base 6, what is -3 + -3352352543?
-3352352550
In base 10, what is -185578 + 82?
-185496
In base 3, what is 1121100221021 - -120?
1121100221211
In base 12, what is -7774 - 928?
-84a0
In base 4, what is 10 + 311233010202?
311233010212
In base 3, what is 12002202 + -101210100?
-12200121
In base 4, what is -1332321 - 1000?
-1333321
In base 16, what is -4 + -2c76cf?
-2c76d3
In base 5, what is 3 + -234312024?
-234312021
In base 14, what is 273 - 70c4?
-6c51
In base 10, what is 665 + 72303?
72968
In base 4, what is 2221202113 - 22?
2221202031
In base 7, what is 3545605362 - -3?
3545605365
In base 6, what is 2 - 12124421341?
-12124421335
In base 11, what is 0 - 1342342?
-1342342
In base 9, what is -230 - 4578?
-4818
In base 7, what is -65556 + 5000?
-60556
In base 4, what is -2020 + -32130122122?
-32130130202
In base 2, what is 111001111010110010110111 - -111?
111001111010110010111110
In base 15, what is 12 - a75d3?
-a75c1
In base 8, what is -23065775 + 26?
-23065747
In base 11, what is -9 - -a81763a6?
a8176398
In base 12, what is -1b1ba7 + -b2?
-1b2099
In base 8, what is -12557 - -105444?
72665
In base 12, what is 407 - -296827?
297032
In base 2, what is -1011010010110110010110010101 - -11?
-1011010010110110010110010010
In base 15, what is -71 + -12d69?
-12dda
In base 13, what is 5b8417 - -2?
5b8419
In base 10, what is -325 - 456094?
-456419
In base 12, what is 2 + 13a9897a?
13a98980
In base 13, what is -2 - -677594?
677592
In base 13, what is -1 + 2726a?
27269
In base 15, what is -907930 - 16?
-907946
In base 11, what is 132570 - -99?
132659
In base 12, what is 5 + -9b41b0?
-9b41a7
In base 16, what is -69851 + 1aa?
-696a7
In base 2, what is 1100 + -11111110001101010111?
-11111110001101001011
In base 15, what is 1565 - 10b5?
4a0
In base 5, what is 113013 + 10430320?
11043333
In base 16, what is -7b77c3 - 5?
-7b77c8
In base 7, what is -233404 + 112631?
-120443
In base 4, what is -12120 + 31030313?
31012133
In base 16, what is -30b8 + 1003?
-20b5
In base 11, what is -214427a54 + 0?
-214427a54
In base 12, what is 25b - 332400?
-332161
In base 14, what is -81 - -c32b4?
c3233
In base 15, what is 24 - -72745?
72769
In base 12, what is -90bb - 342?
-9441
In base 5, what is -3444002212 - 3?
-3444002220
In base 6, what is -105 - 1500303?
-1500412
In base 14, what is 1957 - -1b0?
1b27
In base 16, what is -4 - -15fdb1d?
15fdb19
In base 8, what is -1301515 - -15?
-1301500
In base 11, what is 1 + 1143710?
1143711
In base 2, what is -10010100010011 - -11010100?
-10010000111111
In base 13, what is -162b3811 + 3?
-162b380b
In base 13, what is -2ab3 + -2a311?
-300c4
In base 10, what is 3770505 + -18?
3770487
In base 15, what is -b - -2584c4?
2584b8
In base 4, what is 1012 - -1332201320?
1332202332
In base 16, what is -e44821d + -5?
-e448222
In base 8, what is 110270 - -16624?
127114
In base 9, what is 482386 - -215?
482612
In base 8, what is 1124265724 + 0?
1124265724
In base 5, what is -4 + -143234312?
-143234321
In base 11, what is -168 - 99082?
-9923a
In base 8, what is -20 + -321760?
-322000
In base 15, what is -1d67e47 + 11?
-1d67e36
In base 13, what is 5 + a3bb120?
a3bb125
In base 7, what is -615 - -3041316?
3040401
In base 5, what is -31402121 + 144?
-31401422
In base 15, what is 2 - -16164?
16166
In base 7, what is -4533 + -143244?
-151110
In base 15, what is 6d + -10ba0?
-10b32
In base 13, what is -5595c + 954?
-55008
In base 7, what is 30 + -5162662?
-5162632
In base 4, what is -12132022212 - -221?
-12132021331
In base 15, what is -1289 - -12bc7?
1193d
In base 9, what is -366205 + 26?
-366168
In base 5, what is 0 - 2220233134?
-2220233134
In base 9, what is 13180 - -33408?
46588
In base 6, what is -2350342 + 142102?
-2204240
In base 3, what is 21011221 + -21011002112?
-20212220121
In base 7, what is 4 + 500304463?
500304500
In base 5, what is -1 + -1211414224?
-1211414230
In base 4, what is -30 - 20222211020?
-20222211110
In base 2, what is 100010001 + -10010001110?
-1101111101
In base 6, what is -2 + 4110004454?
4110004452
In base 5, what is 1120012111 - 40?
1120012021
In base 5, what is 1112202 - -21410?
1134112
In base 10, what is -86019 - -10?
-86009
In base 10, what is -59739962 + -2?
-59739964
In base 6, what is 14 - 3010503333?
-3010503315
In base 3, what is -1200100000011 + 122?
-1200022222112
In base 13, what is 6c41 + 55ab?
c51c
In base 4, what is 112321332 - 223?
112321103
In base 7, what is 561 - 646450?
-645556
In base 2, what is 111001000 - -10001010100111100110?
10001010101110101110
In base 9, what is 43782 - 2248?
41533
In base 13, what is 821678 - -1c?
821697
In base 11, what is -2276a804 - 17?
-2276a820
In base 14, what is 4534d + -27?
45326
In base 7, what is 414622322 - 12?
414622310
In base 9, what is 11370665 - 4?
11370661
In base 2, what is -11010010000011100 + -10001001?
-11010010010100101
In base 6, what is 5 - 435215400?
-435215351
In base 6, what is -24455312211 + 4?
-24455312203
In base 3, what is 2 - 12001122100?
-12001122021
In base 9, what is -77051 + -5237?
-83288
In base 13, what is 2 + -527c82?
-527c80
In base 16, what is -bb + -df6c?
-e027
In base 15, what is -2 + d5491?
d548e
In base 14, what is -7d5cb + -1?
-7d5cc
In base 10, what is 1150 + -5210?
-4060
In base 3, what is 122210112 - -122112021?
1022022210
In base 13, what is -1415 - -7ac81?
79869
In base 5, what is -4340131 + -22?
-4340203
In base 14, what is 1a8 + 3a8b6?
3aa80
In base 8, what is 731060 - 351?
730507
In base 6, what is -1224552 + -51?
-1225043
In base 12, what is -32a11 - -12a8?
-31725
In base 2, what is 10101010001110110011 - -11001001?
10101010010001111100
In base 7, what is -5 - -222331602?
222331564
In base 3, what is -122211012222020 + -22?
-122211012222112
In base 13, what is 2 - 1bbbc2?
-1bbbc0
In base 4, what is 2131330 - -31100?
2223030
In base 8, what is 155014 + 14533?
171547
In base 13, what is -638500c + -2?
-6385011
In base 15, what is -102e48 + b8?
-102d80
In base 15, what is e35406 + -2?
e35404
In base 9, what is 1666 - -511257?
513034
In base 11, what is -4240 + -28075?
-31305
In base 8, what is -447654220 - -2?
-447654216
In base 2, what is -1 - -111011100011101000011000?
111011100011101000010111
In base 15, what is -32470c + 179?
-324583
In base 10, what is 114 - -203373?
203487
In base 5, what is 4434434 + -104?
4434330
In base 5, what is -323413034403 - 10?
-323413034413
In base 4, what is -3 - 11101320221202?
-11101320221211
In base 8, what is 12006 - -4124?
16132
In base 10, what is -136112 - 202?
-136314
In base 13, what is 465 - -96ba?
9b52
In base 7, what is 3 - 2202613642?
-2202613636
In base 12, what is -12786 - -66b2?
-8094
In base 14, what is -3 + -c641c26?
-c641c29
In base 11, wh